sands digit of c(5)?
4
Let l(a) = 15*a - 16. Let x be l(15). Suppose 4*g + 2*q = 3*q + x, q - 162 = -3*g. What is the tens digit of g?
5
Let a = 950 - 234. What is the units digit of a?
6
Let t(z) = -20*z + 2. Let f be t(-3). Suppose 3*k - 157 = f. What is the units digit of k?
3
Let d = 1162 + 267. What is the hundreds digit of d?
4
Let a be 40/(-15)*(-3)/1. Suppose m = a - 4. What is the units digit of m/1 + 0 + 9?
3
Suppose 0 = -k - 2*k + k. Let t(u) = -u**2 + 3*u + 103. What is the units digit of t(k)?
3
Suppose -3*c + 3 = -0. Let i(a) = 5*a**3 + 2*a**2 + 2*a**3 - a - a**3 - 2*a**3. What is the units digit of i(c)?
5
Suppose 0 = 7*g - 6 - 8. Suppose 4*f - 2*s = -7*s + 260, 0 = g*s - 8. What is the units digit of f?
0
Let d be 2 + 6*(-1)/(-3). Suppose 2*h - 100 = -2*r, -d*r = 3*h - 4*h + 50. What is the tens digit of h?
5
Let u(a) be the first derivative of a**3/3 - 4*a**2 + 12*a - 2. Let j be (-3 + 9)*9/6. What is the units digit of u(j)?
1
What is the units digit of (-104)/13*(-2766)/24?
2
Suppose -2*l - 4 = 0, 0*z - z + 4*l = 39. Let x = -27 - z. What is the units digit of x?
0
Suppose h - 219 = -2*a, 2*a - h = h + 234. Let o = 166 - a. Suppose o = 3*f - 30. What is the tens digit of f?
2
Let h(u) = u - 3. Let s be h(7). Suppose -3*c + 2*r = 2*c - 142, 5*c - s*r = 144. What is the tens digit of c?
2
Let t be (-15)/(1/((-8)/3)). Let r(b) = 6*b - 16. Let l be r(3). Suppose 3*p + l*j - 122 = 3*j, -t = -p + j. What is the units digit of p?
1
Let b(f) be the second derivative of 0 - 1/2*f**2 + 5/4*f**4 + 0*f**3 + 6*f. What is the tens digit of b(1)?
1
Let q(u) = u + 2. Let h(b) = -108*b + 5. Let a(n) = h(n) - 3*q(n). What is the tens digit of a(-2)?
2
Let u(s) = 2*s**3 + 4*s**2 + 2*s. Let b be u(-2). Let z(l) = l + 16. Let c be z(b). Suppose x - 4 - c = 0. What is the tens digit of x?
1
Let a(o) be the first derivative of o**4/4 + 2*o**2 + 5*o - 3. Let x(y) be the first derivative of a(y). What is the tens digit of x(3)?
3
Let b(i) = i**2 + 15*i - 42. Let d be b(-17). What is the hundreds digit of (-1216)/d + (1 - -1)?
1
What is the hundreds digit of 8/(-28) + (-1 - (-3042)/14)?
2
Suppose -5*m = 4*q - 236, 5*q - m + 3*m - 312 = 0. What is the tens digit of q?
6
What is the units digit of (-3)/(-6 + 3) - -622?
3
Let c(m) = -m**3 + 2*m**2 + 3. Let v be c(3). Let b(q) = -18*q - 6. Let d be b(-6). What is the tens digit of v/8 + d/8?
1
Suppose -3*o = -2*j - 182, 5*j + 302 = 5*o + 2*j. Let b = 8 + o. What is the units digit of b?
6
Suppose -9 + 19 = 2*t, 0 = 3*g - t - 28. Let l be (-4)/10 - 846/(-15). Let a = g + l. What is the tens digit of a?
6
Let k be (0/5 - 1) + 31. What is the units digit of 2/12 + 1375/k?
6
Let x be -3*(3 - (-16)/(-4)). What is the units digit of (-6)/(-2) + 186/x?
5
Let s(o) = -2*o**3 + 5*o**2 - 3*o. Let x be s(3). Let a be 374/x + (-2)/9. Let g = a - -34. What is the units digit of g?
3
Suppose 28*v - 32*v = 1540. Let u = -256 - v. What is the hundreds digit of u?
1
Suppose -25*o + 34*o = 28791. What is the tens digit of o?
9
Let r(x) = -4 + 7*x + 2*x**3 + 14*x - 16*x - 8*x**3. What is the hundreds digit of r(-3)?
1
Suppose -u = -3*u. Suppose 4*v + 8 = -u*v. Let z = 3 + v. What is the units digit of z?
1
Let c(i) = i**3 - i - 2. Suppose 0 = -4*o - 5*v + 33, o - 2*o + v = 3. Let y be c(o). What is the tens digit of (12/(-4))/(y/(-20))?
1
Let d be ((-2 - -2) + 4)*1. Suppose 0 = -s + r + d, -r + 4*r + 12 = 0. Suppose 0 = 4*x - 4*c - 11 - 13, s = -x + 5*c + 10. What is the units digit of x?
5
Let c(n) = n**3 - 13*n**2 + 2*n + 12. Let o(h) = 5 + 8*h - 9*h - 2 + 2*h. Let b be o(10). What is the units digit of c(b)?
8
Let v be (((-4)/(-5))/2)/(53/(-265)). What is the units digit of ((-2)/v)/(0 + 7/294)?
2
Suppose 0 = 5*q - 4*r - 0*r - 603, 0 = -2*r + 6. Suppose 4*z + q = 5*z. What is the tens digit of z?
2
Suppose -r + 4534 = 4*j, 17450 + 5174 = 5*r - 3*j. What is the tens digit of r?
2
Let f(n) = -9 - 17*n + 2*n + 25*n. What is the units digit of f(7)?
1
Let c(j) = -55*j + 606. What is the hundreds digit of c(6)?
2
Let d(j) = -j**2 + 5*j + 6. Let c be d(5). Suppose -4*w + 2 = -c. Suppose -f - w*t + 14 = 0, 20 - 5 = 5*t. What is the units digit of f?
8
What is the units digit of (14 - (-169)/(-13))*(0 - -789)?
9
Suppose 600*f - 596*f - 2640 = 0. What is the tens digit of f?
6
Let p be 1*-2 - (19 + 3). Let r be (-6)/p - (-15)/4. Suppose 30 = r*v - 50. What is the units digit of v?
0
What is the thousands digit of (-5 - 2) + 5 + 1340?
1
Let s(y) = 2*y**2 - 5*y + 3. Let f be s(3). Suppose -202 + 538 = f*u. What is the tens digit of u?
5
Suppose 5*n - 7*k - 37 = -4*k, 4*n - 2*k - 28 = 0. Suppose 4*u + 909 = n*f, f - 185 = -2*u + 6*u. What is the tens digit of f?
8
Let p(l) be the first derivative of -l**3/3 + 13*l**2/2 + 6*l - 5. Let k be p(11). What is the tens digit of (-348)/(-14) - (-4)/k?
2
Suppose 14*i + 3 = 11*i. Let r = 4 + i. Suppose 0 = 2*o + r*o - 5. What is the units digit of o?
1
Let a(x) = x**2 - 12*x + 7. Let q(k) = -k**2 - 9*k - 2. Let f be q(-6). Let p be a(f). Suppose 3*h - p = 55. What is the units digit of h?
2
Let m(f) be the second derivative of -f**5/60 - f**4/4 - f**3/3 - f**2 + 7*f. Let q(g) be the first derivative of m(g). What is the units digit of q(-5)?
3
Suppose 0 = -z + 2*p + 114, -5*p + 8*p - 119 = -z. Suppose -2*m + z = 2*m. What is the tens digit of m?
2
Let j = -1869 - -5661. What is the units digit of j?
2
Let y be 56/10 + (-7)/((-175)/10). Suppose -y*i + 4*s = -2*i - 756, 2*i - s = 381. What is the hundreds digit of i?
1
Suppose -2*p = -3*i + 9289, -2*i - p - 342 = -6523. What is the thousands digit of i?
3
Suppose -40*i - 4204 + 131604 = 0. What is the units digit of i?
5
Let t be (-15)/(-4) - ((-108)/(-16) + -7). Suppose n = t*n - 129. What is the units digit of n?
3
Let s = 42 - 15. Suppose 27 = 3*u - s. Suppose u = -0*d + 3*d. What is the units digit of d?
6
Let h(p) = 4*p**2 + p - 2. Let u(o) = 3*o**2 - 1. Let m(v) = -2*h(v) + 3*u(v). What is the units digit of m(-3)?
6
Suppose 110*b - 108*b = 594. What is the units digit of b?
7
Let s(t) = t**2 + 2*t + 3. Let p be s(-3). What is the units digit of (120/(-18))/((-4)/p)?
0
Suppose -24240 = -92*z + 76*z. What is the units digit of z?
5
Suppose 6*h - h + 215 = 0. Let b = 250 + h. What is the tens digit of b?
0
Let b(j) = 315*j**3 + j**2 - 1. What is the tens digit of b(1)?
1
Let q(h) = 44*h**2 - 8*h - 122. What is the thousands digit of q(-9)?
3
Suppose 4*j = -2*q + 7*j + 932, -q = -4*j - 471. What is the tens digit of q?
6
Let x be (-6)/1 - (-6)/24*0. What is the tens digit of (9/x)/((-6)/300)?
7
Suppose 2*k - 8382 = -9*k. What is the units digit of k?
2
Let z be 12/18*(1 + 14). Let l = z - 6. Suppose l*g - 6*g = -32. What is the units digit of g?
6
Let y be (24 - 21)*4/6. Suppose y*q - 7*q = -255. What is the tens digit of q?
5
Let s(w) = 8*w**2 + 12*w - 39. What is the thousands digit of s(18)?
2
Suppose -4*h - 1530 = -g + 2018, g - 3534 = -3*h. What is the units digit of g?
0
Let s = 29 + -23. Suppose 0 = 3*b - s. What is the units digit of (60/(-50))/(b/(-35))?
1
Let y(w) = 9*w**2 + 3*w + 3. Let o(z) = -z**3 + 7*z - 7. Let h be o(-3). What is the units digit of y(h)?
9
Let t = 3859 - 2648. What is the thousands digit of t?
1
Suppose -4*r - 2 = -5*b, r + r - 10 = -3*b. Suppose -r*p - 238 = -4*z, 8*p = 5*z + 4*p - 305. What is the units digit of z?
7
Suppose -35*f + 15170 + 31625 = 0. What is the hundreds digit of f?
3
Let y(r) = 3*r**3 - 4*r**2 - 5*r - 1. Let s(h) = -7*h**3 + 9*h**2 + 11*h + 3. Let f(j) = 4*s(j) + 9*y(j). Let t be f(0). What is the tens digit of (2/t)/(4/90)?
1
Suppose u = -4*u + 85. Let c = u - 17. Suppose 20 = 5*m - m + 5*b, 3*m + 4*b - 14 = c. What is the tens digit of m?
1
Let v be 28 + -25 - 3/(-2 + 3). Suppose v*y = -3*y + 3, -607 = -5*l + 3*y. What is the units digit of l?
2
Let c(y) = -11*y**2 + 17*y - 17. Let r(t) = -7*t**2 + 11*t - 11. Let x(d) = 5*c(d) - 8*r(d). What is the units digit of x(2)?
1
Let f(k) = 2 + 0 + 8 - 8*k - 16. What is the tens digit of f(-8)?
5
Suppose 12*a - 10*a - 618 = 0. What is the hundreds digit of a?
3
Let b be 12/3 - (1 + 0). Suppose -5*s = -2*g + 271, -b*g + 396 = -0*g - 4*s. Suppose 8 = 2*c - g. What is the units digit of c?
8
Suppose 3*h - 3571 = -b, -9*h = -7*h + 2*b - 2382. Wh